 f.
2, 3, 1487
Suppose -1560 = 119*n - 4586 - 1972. Let x = 6 + 0. Let b = n - x. What are the prime factors of b?
2, 3
Suppose 19*w = 4*w - 5*w + 221320. What are the prime factors of w?
2, 11, 503
Suppose -391 = -y + 8*a - 4*a, 5*y - 2*a = 1865. Suppose 2*q - y = 251. List the prime factors of q.
311
Suppose 4*k - 5*k + 232 = 2*n, -4*n = -3*k - 464. Suppose 58 = l + 5*c, -2*l + 9*c = 6*c - n. What are the prime factors of l?
2, 29
Suppose -5*w - 36 = -4*q - w, q = -3*w + 13. Suppose -l = 2 - q. Let n = l - -82. List the prime factors of n.
2, 3, 5
Suppose 3*q - q = -j + 16, 3*q + 21 = 3*j. Let o(c) = 9*c**2 - 2*c + 22. What are the prime factors of o(j)?
2, 11, 41
Let l = -52 - -57. Suppose l*v - v = 332. List the prime factors of v.
83
Let n(w) = 75*w**2 - 76*w + 515. List the prime factors of n(8).
3, 523
Suppose 0 = 3*w + 5*l - 78, -5*w + 0*l + 130 = l. Let i = 24 - w. What are the prime factors of (i/(-1))/(3/51)?
2, 17
Let u(v) = -v**3 - 8*v**2 - 14*v - 19. Let s be u(-6). What are the prime factors of (30684/21)/4 + 2/s?
5, 73
Suppose 5*y - 5*b - 5520 = 0, 5*b + 3316 = 782*y - 779*y. What are the prime factors of y?
2, 19, 29
Suppose 3*p - 15430 = -2*z, -p = -z + 10475 - 2770. What are the prime factors of z?
13, 593
Let s be 8/(-6)*1230/10. List the prime factors of (-1)/((6/s)/3).
2, 41
Let a = -116 + 124. Suppose -a*v + 1755 = -4669. What are the prime factors of v?
11, 73
What are the prime factors of -20*6/(-120)*(-3 + 2906)?
2903
Let a(r) = 3*r**2 - 6*r + 12. Suppose 0 = -4*t - 5*f + 60 - 19, 4*t - 26 = -2*f. Suppose -6 + 30 = t*g. What are the prime factors of a(g)?
2, 3, 7
Suppose 5*j - 9 + 0 = -2*u, -u = -2*j. Suppose 405 + 1883 = u*t. What are the prime factors of t?
2, 11, 13
Suppose 18*w + 79*w - 1936508 = 0. What are the prime factors of w?
2, 7, 23, 31
Suppose -2*c - 5*f = 1, -4*c - 3*f - 12 = c. Let p(v) = -v**2 + 56*v - 543. Let i be p(42). What are the prime factors of ((-56)/c)/(30/i)?
2, 7
Let j(d) = -d**3 + 16*d**2 + 7*d + 76. What are the prime factors of j(15)?
2, 7, 29
Let t be (15/(-4))/(9/108). Suppose -j - 5*l - 87 = -6*l, j = 5*l - 83. Let g = t - j. List the prime factors of g.
43
Let d(r) = 748*r - 3565. What are the prime factors of d(69)?
23, 2089
Let h = 39 + -64. Let x = -48 - h. Let v = x - -26. What are the prime factors of v?
3
Let s be (3 - 0)*164/(-6). Let q be (1700/(-255))/((-5)/78). Let c = s + q. List the prime factors of c.
2, 11
Let u(w) = w**3 + 4*w**2 - 2*w + 7. Let m be u(4). Let k(c) = -c**3 + 0*c**3 - m*c + 137*c + 8 - 5*c**2. List the prime factors of k(-7).
2, 3
Suppose 13389 = -0*k + k - s, 4*k = 5*s + 53559. List the prime factors of k.
2, 3, 23, 97
Let h be -3 + 3*(3 + -2). Suppose h = -5*r - 2*t - 62, 2*t - t = -1. What are the prime factors of (212 - 4/((-16)/r)) + 1?
2, 3, 5, 7
Let l = -55 + -7. Let y = -57 - l. Suppose f + y*f = 252. List the prime factors of f.
2, 3, 7
List the prime factors of (62/(-6) - -8)/(6/(-25470)).
5, 7, 283
What are the prime factors of (1 + (-66)/12)*(-4 - (3 - -2771))?
3, 463
Let b(y) = -426*y - 320. What are the prime factors of b(-7)?
2, 11
Suppose 0 = -47*n + 158332 + 1762135. List the prime factors of n.
29, 1409
Suppose -3*n = 4*a - 3654, -4*a - 6619 + 529 = -5*n. What are the prime factors of n?
2, 3, 7, 29
Let u(v) = v**2 + 9*v + 4. Suppose -18 = 5*p - 2*p. Let l be 26/39 + 64/p. List the prime factors of u(l).
2, 7
Suppose 2*t + 5 - 35 = 0. Let u be 297/(-4)*(-40)/t. Let q = u + -123. What are the prime factors of q?
3, 5
Suppose 2*j - 80 = -18. Suppose -38*k + j*k + 1729 = 0. List the prime factors of k.
13, 19
Let r(s) be the third derivative of -5*s**4/6 + 167*s**3/2 + 86*s**2. List the prime factors of r(0).
3, 167
Let d(y) = 2*y - 4. Let t = 22 + -23. Let h be d(t). What are the prime factors of -4*1/(16/h)*4?
2, 3
Let o(u) = -7 + 11*u + 70*u - 23*u. Let i be o(-3). Let d = i + 339. What are the prime factors of d?
2, 79
Suppose -220*f + 206*f - 163662 = -403524. List the prime factors of f.
3, 5711
Let z be (-2)/(3 + (-6)/10 - 2). Let g be 75/1*(-6 - z). Let w = 125 + g. List the prime factors of w.
2, 5
Let p(o) be the first derivative of -o**2/2 - 42*o - 33. Let j be p(10). List the prime factors of -1*(1 + j) - 136/34.
47
Let k = 6484 + 498. What are the prime factors of k?
2, 3491
Suppose -2*k - 14 = -9*k. Suppose 0 = -o + 5*o + 2*w - 4108, 0 = -k*o - 2*w + 2052. List the prime factors of 5 + (-6)/((-24)/o).
2, 131
List the prime factors of 6 - 0 - (18 + 19 + -61007).
2, 37, 103
Let d = 14225 + -6825. What are the prime factors of d?
2, 5, 37
Let b(t) = 5993*t**3 - 2*t**2 + 4. List the prime factors of b(1).
5, 11, 109
Suppose g - 2*i = -3*g + 16, 0 = 5*g + 2*i - 29. Suppose 0 = -2*p + g*l + 247, 5*p - l - 570 = 2*l. What are the prime factors of p?
3, 37
Let n = -10386 - -19496. What are the prime factors of n?
2, 5, 911
Let f(x) = 4*x**2 - x - 81. Let i be f(8). Suppose 6425 = 7*p + i. What are the prime factors of p?
2, 3, 149
List the prime factors of (-2)/(-4 + 108717/27181).
2, 11, 353
Suppose 10*d - 735 - 375 = 0. What are the prime factors of (-12)/(-54)*d*18?
2, 3, 37
Let d = -27539 + 57574. List the prime factors of d.
5, 6007
Let w(b) be the second derivative of b**3/6 + 9*b**2/2 + 4*b. Let m be w(-5). What are the prime factors of 29*((-3)/(-4) + m/16)?
29
Let p = 6009 - 576. What are the prime factors of p?
3, 1811
Let u = -5287 - -10156. What are the prime factors of u?
3, 541
Suppose -3*p + 49 - 17 = f, -4*p + 3*f + 34 = 0. Suppose 0 = 4*k - 8, 2*g - 352 - p = k. List the prime factors of g.
2, 7, 13
Let x = 4 - -32. Let i = x + -34. Suppose d + w = i*w + 43, 2*w = -5*d + 215. What are the prime factors of d?
43
What are the prime factors of -6 + 5*(-6)/30*-3939?
3, 19, 23
Suppose 8851 = 3*k - 1037. Let m = -1714 + k. List the prime factors of m.
2, 7, 113
Suppose 5*a - 20 = -3*l, -3*a - 38 = -3*l + a. Let q = 12 - l. Suppose -57 = -o + 3*x, 3*o + 0*x + q*x - 226 = 0. What are the prime factors of o?
2, 3
Let q(l) = 655*l + 622. List the prime factors of q(8).
2, 3, 977
Let x(b) = -b**3 - 3*b**2 - 6*b - 12. Let c be x(-7). Let l = c + -38. Let v = -85 + l. List the prime factors of v.
103
Let n = 2917 + 3583. What are the prime factors of n?
2, 5, 13
Suppose -2*a + 62623 = 5*b + 14096, 0 = -a - 5*b + 24256. What are the prime factors of a?
13, 1867
Suppose 88839 + 224128 + 40452 = 19*y. List the prime factors of y.
11, 19, 89
Suppose -40*q = -4*b - 45*q + 48745, -3*q + 48751 = 4*b. List the prime factors of 12 - b/(-20) - (-3)/(-2).
2, 5, 31
Let u = -261 + 376. Suppose 0 = -u*q + 114*q. Suppose 4*l - 133 = -x, q*l + 513 = 4*x - 3*l. List the prime factors of x.
3, 43
Let v be 152/(-32) + 3/4. Let c be 4 + v - (-18 + 4). List the prime factors of 1768/c - 34/119.
2, 3, 7
List the prime factors of 8/28 - (7 - 22080/42)/1.
3, 173
Let d(i) = -i**2 + 6*i - 1. Let w be d(4). Suppose -371 = -o - 4*y, 4*o + w*y - 2*y = 1517. What are the prime factors of o?
383
Let l = 202 + -196. Suppose l*x - 241 = 533. List the prime factors of x.
3, 43
Suppose -6*n + 728322 = 152*n - 1863826. List the prime factors of n.
2, 13, 631
Let a(x) = -2 + 16*x + 2 - 84*x. Let r be a(-9). Suppose -182*m + r = -180*m. List the prime factors of m.
2, 3, 17
What are the prime factors of (-2719 + 2547)*((-14)/4)/((-1)/(-68))?
2, 7, 17, 43
What are the prime factors of (-103*(-4)/(-8))/((-31)/2852)?
2, 23, 103
Suppose 4*p + 2*z - 28 = -z, 2*p + 3*z - 20 = 0. Suppose -p*a = 12, 2*u - 70 = 5*a + 45. What are the prime factors of u?
2, 5
Let v(l) = 48*l - 2. Let g be v(5). Let r be (-2 + -111)*3/(-3). Let u = g - r. What are the prime factors of u?
5
Suppose -3*v + z + 16 = 0, -4*v + 20*z = 17*z - 28. Suppose -v*i - 47 = -175. List the prime factors of i.
2
Suppose 8*b + 16*b - 67079 = 24073. List the prime factors of b.
2, 3, 211
Suppose 10175 = -128*r + 152819 + 3276. List the prime factors of r.
2, 3, 5, 19
Suppose -3*o = 4*d - 1745, -5*o + 107 + 342 = d. Let b = 496 - d. List the prime factors of b.
2, 31
Let c = -113 - -123. Suppose 13*r - 3843 = c*r. Suppose 19*d - 12*d - r = 0. What are the prime factors of d?
3, 61
Let i = -48 + 50. Suppose -4 = -4*w, -z + 2*z = i*w + 16. Let h = 41 + z. List the prime factors of h.
59
Suppose 0 = -3*v + 3*k 